True
Is 136080 a multiple of 336?
True
Is 36 a factor of 36468?
True
Is 46 a factor of 4753099?
False
Is 25 a factor of 266725?
True
Is 109449 a multiple of 287?
False
Does 19 divide 763420?
True
Is 429 a factor of 274560?
True
Is 19961 even?
False
Is 42 a factor of 528150?
True
Is 34994 a multiple of 117?
False
Is 790068 a multiple of 86?
False
Is 2688642 a multiple of 8?
False
Is 8 a factor of 22048?
True
Is 14555950 a multiple of 13?
False
Does 16 divide 80567?
False
Does 353 divide 122427?
False
Is 7457 a multiple of 22?
False
Does 3 divide 156750?
True
Is 135 a factor of 1045029?
False
Is 6 a factor of 16423?
False
Does 56 divide 1643422?
False
Is 5892089 a multiple of 153?
False
Is 498721 a multiple of 47?
False
Is 2031315 a multiple of 165?
True
Is 2525311 a multiple of 28?
False
Does 99 divide 2324916?
True
Is 4091320 a multiple of 59?
False
Does 427 divide 1142225?
True
Does 6 divide 127338?
True
Does 97 divide 2551682?
True
Does 155 divide 4124147?
False
Is 21 a factor of 3889998?
True
Does 36 divide 91620?
True
Is 14814 a multiple of 8?
False
Is 90651 a multiple of 11?
True
Does 132 divide 56232?
True
Is 28346 a multiple of 3?
False
Does 24 divide 502752?
True
Does 313 divide 2846158?
False
Does 10 divide 562763?
False
Is 34776 a multiple of 189?
True
Does 6 divide 1711751?
False
Does 7 divide 395854?
False
Is 1507064 a multiple of 9?
False
Is 24252 a multiple of 141?
True
Is 3448057 a multiple of 43?
False
Does 5 divide 232191?
False
Is 2049302 a multiple of 551?
False
Does 62 divide 4498?
False
Does 997 divide 385036?
False
Does 10 divide 14114040?
True
Is 21 a factor of 220479?
True
Is 241 a factor of 2013073?
True
Is 123 a factor of 4237227?
True
Does 9 divide 205070?
False
Is 270090 a multiple of 15?
True
Is 9 a factor of 468351?
True
Does 35 divide 27531?
False
Is 789 a factor of 1150362?
True
Is 69 a factor of 718290?
True
Does 117 divide 634131?
False
Does 18 divide 8471840?
False
Does 18 divide 102294?
True
Is 13432 a multiple of 23?
True
Is 28180 a multiple of 10?
True
Is 20 a factor of 70400?
True
Is 8751965 a multiple of 21?
False
Does 6 divide 69907?
False
Is 57 a factor of 526566?
True
Is 4976660 a multiple of 65?
True
Is 4632700 a multiple of 6?
False
Does 97 divide 1354777?
False
Is 136672 a multiple of 5?
False
Does 6 divide 49769?
False
Is 42 a factor of 2302236?
False
Is 44444 a multiple of 3?
False
Is 61 a factor of 507642?
True
Is 526 a factor of 12871746?
True
Does 629 divide 7764376?
True
Does 675 divide 1359058?
False
Is 71045 a multiple of 9?
False
Is 172515 a multiple of 31?
True
Is 8 a factor of 1691831?
False
Is 78 a factor of 57530?
False
Does 209 divide 75546?
False
Is 351 a factor of 372060?
True
Does 487 divide 12221265?
True
Is 76 a factor of 6259448?
False
Is 166 a factor of 2584620?
True
Is 33 a factor of 2421793?
False
Does 11 divide 172516?
False
Is 4836496 a multiple of 14?
True
Is 10337554 a multiple of 92?
False
Does 22 divide 2073451?
False
Is 110 a factor of 45971?
False
Is 25 a factor of 225775?
True
Does 10 divide 340050?
True
Is 2265709 a multiple of 43?
False
Is 30316 a multiple of 143?
True
Does 15 divide 462615?
True
Is 53 a factor of 3134034?
False
Is 5 a factor of 477805?
True
Is 125172 a multiple of 171?
True
Is 2703 a multiple of 3?
True
Does 4 divide 225099?
False
Does 2093 divide 14318213?
True
Is 17225456 a multiple of 15?
False
Does 35 divide 2363894?
False
Is 328509 a multiple of 69?
True
Does 20 divide 81780?
True
Does 113 divide 126986?
False
Does 26 divide 10574382?
True
Is 966526 a multiple of 11?
True
Is 26 a factor of 5178654?
True
Is 88 a factor of 21203?
False
Is 61 a factor of 1078785?
True
Is 28 a factor of 2488221?
False
Does 373 divide 245267?
False
Is 2602043 a multiple of 129?
False
Is 104515 a multiple of 29?
False
Does 65 divide 630110?
True
Does 777 divide 911421?
True
Is 140562 a multiple of 115?
False
Is 14239757 a multiple of 148?
False
Is 49672 a multiple of 15?
False
Is 462546 a multiple of 37?
False
Does 151 divide 12069279?
True
Is 12147 a multiple of 39?
False
Is 34 a factor of 1842930?
False
Is 321650 a multiple of 198?
False
Does 5 divide 222120?
True
Does 106 divide 1272?
True
Is 293232 a multiple of 24?
True
Does 551 divide 20903287?
True
Is 4304 a multiple of 4?
True
Is 116 a factor of 87144?
False
Is 252790 a multiple of 34?
True
Does 62 divide 3428476?
True
Is 1892229 a multiple of 17?
False
Is 417 a factor of 5032356?
True
Is 479858 a multiple of 73?
False
Is 4240980 a multiple of 12?
True
Is 705404 a multiple of 5?
False
Is 37 a factor of 3658116?
True
Is 2035 a multiple of 2?
False
Is 1080 a factor of 3530382?
False
Is 1116330 a multiple of 254?
True
Does 16 divide 75513?
False
Does 48 divide 380112?
True
Does 247 divide 1463190?
False
Does 27 divide 126099?
False
Is 18173281 a multiple of 21?
False
Does 63 divide 470597?
False
Does 478 divide 297962?
False
Is 23698 a multiple of 3?
False
Is 38964 a multiple of 117?
False
Is 5796753 a multiple of 287?
False
Is 9152612 a multiple of 14?
True
Is 31 a factor of 45074?
True
Is 1849890 a multiple of 21?
True
Is 143 a factor of 124839?
True
Is 13 a factor of 45854?
False
Is 23784 a multiple of 8?
True
Does 7 divide 53774?
True
Does 51 divide 119549?
False
Is 2 a factor of 565808?
True
Is 20 a factor of 436591?
False
Does 27 divide 126298?
False
Does 85 divide 20315?
True
Is 731254 a multiple of 8?
False
Is 18675 a multiple of 13?
False
Is 776 a factor of 12124?
False
Does 76 divide 22040?
True
Is 40458 a multiple of 22?
True
Does 712 divide 1904551?
False
Is 176 a factor of 314530?
False
Does 45 divide 17070750?
True
Does 186 divide 408084?
True
Is 1202601 a multiple of 69?
True
Is 98168 a multiple of 8?
True
Does 235 divide 1613745?
True
Is 2504075 a multiple of 63?
False
Is 97 a factor of 198268?
True
Is 2178627 a multiple of 284?
False
Is 17 a factor of 5448721?
True
Is 87 a factor of 15053436?
True
Is 10 a factor of 1018690?
True
Does 218 divide 834940?
True
Is 31 a factor of 9344?
False
Is 679 a factor of 2168047?
True
Does 306 divide 5652126?
True
Is 45 a factor of 108495?
True
Is 30060 a multiple of 18?
True
Does 195 divide 442455?
True
Does 54 divide 1769924?
False
Is 44 a factor of 826760?
True
Is 10 a factor of 236250?
True
Does 25 divide 122075?
True
Is 37 a factor of 489917?
True
Is 51 a factor of 441303?
True
Is 34992 a multiple of 216?
True
Does 11 divide 119137?
False
Is 59 a factor of 1824564?
False
Is 271004 a multiple of 69?
False
Is 1635102 a multiple of 133?
True
Is 4800226 a multiple of 11?
False
Is 228 a factor of 125974?
False
Does 7 divide 97916?
True
Is 14 a factor of 244897?
False
Is 158 a factor of 16906?
True
Is 2060790 a multiple of 6?
True
Does 58 divide 97294?
False
Is 18 a factor of 11637637?
False
Does 183 divide 93513?
True
Does 34 divide 216240?
True
Is 10 a factor of 1035016?
False
Is 15905945 a multiple of 589?
True
Does 201 divide 5056356?
True
Does 322 divide 5327885?
False
Does 5 divide 353014?
False
Does 1612 divide 261876?
False
Does 40 divide 1461880?
True
Is 5 a factor of 157282?
False
Does 17 divide 144444?
False
Is 420910 a multiple of 7?
True
Is 22687 a multiple of 15?
False
Does 22 divide 166298?
True
Is 3245036 a multiple of 8?
False
Does 39 divide 112866?
True
Does 169 divide 1678677?
True
Does 169 divide 2893449?
True
Does 32 divide 540679?
False
Is 31 a factor of 3673931?
False
Is 13 a factor of 8624772?
True
Is 4906636 a multiple of 37?
False
Is 384 a factor of 496674?
False
Does 14 divide 3601846?
False
Does 22 divide 138864?
True
Does 7 divide 135219?
True
Does 255 divide 116990?
False
Is 171 a factor of 2264211?
True
Is 1195389 a multiple of 221?
True
Does 88 divide 47560?
False
Is 90440 a multiple of 95?
True
Is 53019 a multiple of 129?
True
Is 8 a factor of 578742?
False
Is 9 a factor of 83727?
True
Is 1253148 a multiple of 12?
True
Is 119 a factor of 4819955?
False
Is 717272 a multiple of 8?
True
Does 161 divide 2402764?
True
Does 230 divide 75720?
False
Is 75310 a multiple of 886?
True
Is 82 a factor of 5057104?
True
Is 27 a factor of 2129058?
True
Does 3 divide 847635?
True
Is 284323 a multiple of 28?
False
Does 3 divide 84783?
True
Is 90921 a multiple of 7?
False
Is 3 a factor of 95596?
False
Is 37401 a multiple of 39?
True
Is 1033 